{"id":43,"date":"2025-06-16T11:11:43","date_gmt":"2025-06-16T11:11:43","guid":{"rendered":"https:\/\/parroquiajuanyteresadeavila.es\/?page_id=43"},"modified":"2025-06-26T21:43:33","modified_gmt":"2025-06-26T21:43:33","slug":"grupos","status":"publish","type":"page","link":"https:\/\/parroquiajuanyteresadeavila.es\/?page_id=43","title":{"rendered":"Grupos"},"content":{"rendered":"\n<div class=\"wp-block-columns is-layout-flex wp-container-core-columns-is-layout-28f84493 wp-block-columns-is-layout-flex\">\n<div class=\"wp-block-column is-layout-flow wp-block-column-is-layout-flow\" style=\"flex-basis:66.66%\">\n<p><strong>C\u00e1ritas<\/strong>. En nuestra parroquia se re\u00fane uno de los equipos de C\u00e1ritas del barrio de Las Fuentes. Desde nuestro grupo acompa\u00f1amos a las personas que viven en situaci\u00f3n de pobreza o en riesgo de exclusi\u00f3n social siendo ayuda y rostro de Dios siempre que lo necesitan. Nos reunimos dos d\u00edas a la semana, uno para acoger a las familias y escucharles y acompa\u00f1arles en su situaci\u00f3n y el otro para buscar las mejores formas de acompa\u00f1ar y cuidar para que puedan salir de la situaci\u00f3n en la que se encuentran. Para aquellos que se acerquen a nosotros deseando un acompa\u00f1amiento o la ayuda para alguna necesidad deber\u00e1n de pedir cita previa en c\u00e1ritas diocesana (976 29 47 30) puesto que no podemos atender si no se dispone de esa cita con antelaci\u00f3n.<\/p>\n\n\n\n<p><br><strong>Catequesis para la Primera Comuni\u00f3n<\/strong>. Nuestro grupo de catequistas acompa\u00f1an a nuestros chicos y chicas para prepararse para la celebraci\u00f3n de su primera comuni\u00f3n. Siguiendo el calendario escolar se re\u00fanen cada semana para seguir conociendo la vida de Jes\u00fas y de la comunidad cristiana.<\/p>\n\n\n\n<p><br><strong>Catequesis de confirmaci\u00f3n<\/strong>. Un grupo de adolescentes participa en nuestros encuentros para prepararse para recibir el sacramento de la confirmaci\u00f3n desde su experiencia personal, vivencias y preocupaciones.<\/p>\n\n\n\n<p><br><strong>Coro y liturgia. <\/strong>Animamos las celebraciones de la eucarist\u00eda invitando al resto de la comunidad a participar del canto, aspecto muy importante de nuestras celebraciones. Nos reunimos para ensayar y preparar los cantos cuando es necesario y siempre un poco antes de la celebraci\u00f3n. Tambi\u00e9n nos encargamos de las lecturas y preparamos con intensidad los tiempos fuertes.<br><\/p>\n\n\n\n<p><strong>Consejo pastoral. <\/strong>Una persona en representaci\u00f3n de todos los que formamos cada uno de los grupos nos reunimos junto con los sacerdotes y el equipo de econom\u00eda para poder reflexionar sobre el funcionamiento de la parroquia y las actividades que vamos a llevar a cabo analizando la realidad y proyectando nuevas acciones que nos hagan m\u00e1s evangelizadores en nuestro barrio.<br><\/p>\n\n\n\n<p><strong>Econom\u00eda. <\/strong>Junto con el p\u00e1rroco asumimos la gesti\u00f3n econ\u00f3mica de la parroquia destinando los bienes de los que disponemos al servicio de la comunidad cristiana. La comunidad se sostiene entre todos los que la formamos mediante lo que se dona en las celebraciones de la misa, los donativos puntuales o aquellos que se entregan en los sacramentos. La mayor fuente de ingresos de la parroquia es la domiciliaci\u00f3n de las cuotas de los feligreses. Esto nos permite hacer un balance y poder contar con un presupuesto que nos permita valorar el dinero del que disponemos tanto para las actividades pastorales y el culto como para el mantenimiento del edificio y las obras de caridad que como parroquia realizamos.<br><\/p>\n\n\n\n<p><strong>Limpieza. <\/strong>La parroquia es la casa de todos. Partiendo de este principio, un grupo de voluntarios limpiamos la parroquia un d\u00eda a la semana para que el fin de semana est\u00e9 como un lugar acogedor y limpio para todos los que formamos la comunidad. Necesitamos manos que nos ayuden. \u00bfTe animas?<\/p>\n\n\n\n<p><strong>Laicos en formaci\u00f3n. <\/strong>Una vez al mes nos reunimos los matrimonios de la parroquia y aquellos que quieren participar de nuestras sesiones de formaci\u00f3n en las que vamos siguiendo diferentes autores b\u00edblicos a los que vamos dedicando nuestras sesiones acompa\u00f1ando el a\u00f1o lit\u00fargico y las principales celebraciones en la Iglesia.<br><\/p>\n\n\n\n<p><strong>Manos unidas.<\/strong> Una ONG que naci\u00f3 en el seno de las mujeres de Acci\u00f3n Cat\u00f3lica est\u00e1 presente en todas las comunidades para la celebraci\u00f3n de su campa\u00f1a anual con el objetivo de erradicar el hambre en el mundo, un sue\u00f1o que juntos haremos realidad. En nuestra parroquia, se organiza, en colaboraci\u00f3n con el arciprestazgo, diferentes actividades en torno a esta ONG durante el mes de febrero con la finalidad de que podamos seguir aportando, a\u00f1o tras a\u00f1o, para hacer realidad este sue\u00f1o de todos.<br><\/p>\n\n\n\n<p><strong>Mantenimiento.<\/strong> Si todo es de todos, entre todos la cuidamos. Formamos un equipo de gente que cuando hay que reparar algo o valorar una intervenci\u00f3n en nuestra comunidad nos reunimos para hacerlo de la mejor forma posible asegurando la viabilidad de nuestra parroquia.<br><\/p>\n\n\n\n<p><strong>Pastoral de la Salud. <\/strong>La enfermedad, entre otros motivos, hace que muchas de las personas de nuestro alrededor no puedan participar asiduamente de la parroquia. Desde la parroquia hay un grupo de personas nos acercamos a las casas a visitar a estas personas, les llevamos la comuni\u00f3n y comunicamos al sacerdote la situaci\u00f3n para que tambi\u00e9n pueda ir a visitarlos.<br><\/p>\n\n\n\n<p><strong>Rosario<\/strong>. Todos los d\u00edas, de martes a s\u00e1bado, nos unimos en la plegar\u00eda a Mar\u00eda rezando el rosario a las 18:30 h, antes de la celebraci\u00f3n de la Eucarist\u00eda. De esta forma pedimos al Padre por nuestra parroquia, por las necesidades del mundo y de la Iglesia.<\/p>\n<\/div>\n\n\n\n<div class=\"wp-block-column is-layout-flow wp-block-column-is-layout-flow\" style=\"flex-basis:33.33%\">\n<script async src=\"https:\/\/api.mailbluster.com\/v1\/forms\/af8f7b2e-9c4b-429c-a274-231a40090035.js\" data-form=\"af8f7b2e-9c4b-429c-a274-231a40090035\"><\/script>\n<\/div>\n<\/div>\n","protected":false},"excerpt":{"rendered":"<p>C\u00e1ritas. En nuestra parroquia se re\u00fane uno de los equipos de C\u00e1ritas del barrio de Las Fuentes. Desde nuestro grupo acompa\u00f1amos a las personas que viven en situaci\u00f3n de pobreza o en riesgo de exclusi\u00f3n social siendo ayuda y rostro de Dios siempre que lo necesitan. Nos reunimos dos d\u00edas a la semana, uno para [&hellip;]<\/p>\n","protected":false},"author":2,"featured_media":0,"parent":0,"menu_order":0,"comment_status":"closed","ping_status":"closed","template":"","meta":{"footnotes":""},"class_list":["post-43","page","type-page","status-publish","hentry"],"yoast_head":"<!-- This site is optimized with the Yoast SEO plugin v25.9 - https:\/\/yoast.com\/wordpress\/plugins\/seo\/ -->\n<title>Grupos - Parroquia de San Juan de \u00c1vila y Santa Teresa de Jes\u00fas<\/title>\n<meta name=\"robots\" content=\"index, follow, max-snippet:-1, max-image-preview:large, max-video-preview:-1\" \/>\n<link rel=\"canonical\" href=\"https:\/\/parroquiajuanyteresadeavila.es\/?page_id=43\" \/>\n<meta property=\"og:locale\" content=\"es_ES\" \/>\n<meta property=\"og:type\" content=\"article\" \/>\n<meta property=\"og:title\" content=\"Grupos - Parroquia de San Juan de \u00c1vila y Santa Teresa de Jes\u00fas\" \/>\n<meta property=\"og:description\" content=\"C\u00e1ritas. En nuestra parroquia se re\u00fane uno de los equipos de C\u00e1ritas del barrio de Las Fuentes. Desde nuestro grupo acompa\u00f1amos a las personas que viven en situaci\u00f3n de pobreza o en riesgo de exclusi\u00f3n social siendo ayuda y rostro de Dios siempre que lo necesitan. Nos reunimos dos d\u00edas a la semana, uno para [&hellip;]\" \/>\n<meta property=\"og:url\" content=\"https:\/\/parroquiajuanyteresadeavila.es\/?page_id=43\" \/>\n<meta property=\"og:site_name\" content=\"Parroquia de San Juan de \u00c1vila y Santa Teresa de Jes\u00fas\" \/>\n<meta property=\"article:publisher\" content=\"https:\/\/www.facebook.com\/profile.php?id=61576048888953\" \/>\n<meta property=\"article:modified_time\" content=\"2025-06-26T21:43:33+00:00\" \/>\n<meta name=\"twitter:card\" content=\"summary_large_image\" \/>\n<meta name=\"twitter:label1\" content=\"Tiempo de lectura\" \/>\n\t<meta name=\"twitter:data1\" content=\"4 minutos\" \/>\n<script type=\"application\/ld+json\" class=\"yoast-schema-graph\">{\"@context\":\"https:\/\/schema.org\",\"@graph\":[{\"@type\":\"WebPage\",\"@id\":\"https:\/\/parroquiajuanyteresadeavila.es\/?page_id=43\",\"url\":\"https:\/\/parroquiajuanyteresadeavila.es\/?page_id=43\",\"name\":\"Grupos - Parroquia de San Juan de \u00c1vila y Santa Teresa de Jes\u00fas\",\"isPartOf\":{\"@id\":\"https:\/\/parroquiajuanyteresadeavila.es\/#website\"},\"datePublished\":\"2025-06-16T11:11:43+00:00\",\"dateModified\":\"2025-06-26T21:43:33+00:00\",\"breadcrumb\":{\"@id\":\"https:\/\/parroquiajuanyteresadeavila.es\/?page_id=43#breadcrumb\"},\"inLanguage\":\"es\",\"potentialAction\":[{\"@type\":\"ReadAction\",\"target\":[\"https:\/\/parroquiajuanyteresadeavila.es\/?page_id=43\"]}]},{\"@type\":\"BreadcrumbList\",\"@id\":\"https:\/\/parroquiajuanyteresadeavila.es\/?page_id=43#breadcrumb\",\"itemListElement\":[{\"@type\":\"ListItem\",\"position\":1,\"name\":\"Portada\",\"item\":\"https:\/\/parroquiajuanyteresadeavila.es\/\"},{\"@type\":\"ListItem\",\"position\":2,\"name\":\"Grupos\"}]},{\"@type\":\"WebSite\",\"@id\":\"https:\/\/parroquiajuanyteresadeavila.es\/#website\",\"url\":\"https:\/\/parroquiajuanyteresadeavila.es\/\",\"name\":\"Parroquia de San Juan de \u00c1vila y Santa Teresa de Jes\u00fas\",\"description\":\"Parroquia de Las Fuentes en Zaragoza\",\"publisher\":{\"@id\":\"https:\/\/parroquiajuanyteresadeavila.es\/#organization\"},\"potentialAction\":[{\"@type\":\"SearchAction\",\"target\":{\"@type\":\"EntryPoint\",\"urlTemplate\":\"https:\/\/parroquiajuanyteresadeavila.es\/?s={search_term_string}\"},\"query-input\":{\"@type\":\"PropertyValueSpecification\",\"valueRequired\":true,\"valueName\":\"search_term_string\"}}],\"inLanguage\":\"es\"},{\"@type\":\"Organization\",\"@id\":\"https:\/\/parroquiajuanyteresadeavila.es\/#organization\",\"name\":\"Parroquia de San Juan de \u00c1vila y Santa Teresa de Jes\u00fas\",\"url\":\"https:\/\/parroquiajuanyteresadeavila.es\/\",\"logo\":{\"@type\":\"ImageObject\",\"inLanguage\":\"es\",\"@id\":\"https:\/\/parroquiajuanyteresadeavila.es\/#\/schema\/logo\/image\/\",\"url\":\"https:\/\/parroquiajuanyteresadeavila.es\/wp-content\/uploads\/2025\/06\/PHOTO-2025-05-13-11-39-43.jpg\",\"contentUrl\":\"https:\/\/parroquiajuanyteresadeavila.es\/wp-content\/uploads\/2025\/06\/PHOTO-2025-05-13-11-39-43.jpg\",\"width\":945,\"height\":928,\"caption\":\"Parroquia de San Juan de \u00c1vila y Santa Teresa de Jes\u00fas\"},\"image\":{\"@id\":\"https:\/\/parroquiajuanyteresadeavila.es\/#\/schema\/logo\/image\/\"},\"sameAs\":[\"https:\/\/www.facebook.com\/profile.php?id=61576048888953\"]}]}<\/script>\n<!-- \/ Yoast SEO plugin. -->","yoast_head_json":{"title":"Grupos - Parroquia de San Juan de \u00c1vila y Santa Teresa de Jes\u00fas","robots":{"index":"index","follow":"follow","max-snippet":"max-snippet:-1","max-image-preview":"max-image-preview:large","max-video-preview":"max-video-preview:-1"},"canonical":"https:\/\/parroquiajuanyteresadeavila.es\/?page_id=43","og_locale":"es_ES","og_type":"article","og_title":"Grupos - Parroquia de San Juan de \u00c1vila y Santa Teresa de Jes\u00fas","og_description":"C\u00e1ritas. En nuestra parroquia se re\u00fane uno de los equipos de C\u00e1ritas del barrio de Las Fuentes. Desde nuestro grupo acompa\u00f1amos a las personas que viven en situaci\u00f3n de pobreza o en riesgo de exclusi\u00f3n social siendo ayuda y rostro de Dios siempre que lo necesitan. Nos reunimos dos d\u00edas a la semana, uno para [&hellip;]","og_url":"https:\/\/parroquiajuanyteresadeavila.es\/?page_id=43","og_site_name":"Parroquia de San Juan de \u00c1vila y Santa Teresa de Jes\u00fas","article_publisher":"https:\/\/www.facebook.com\/profile.php?id=61576048888953","article_modified_time":"2025-06-26T21:43:33+00:00","twitter_card":"summary_large_image","twitter_misc":{"Tiempo de lectura":"4 minutos"},"schema":{"@context":"https:\/\/schema.org","@graph":[{"@type":"WebPage","@id":"https:\/\/parroquiajuanyteresadeavila.es\/?page_id=43","url":"https:\/\/parroquiajuanyteresadeavila.es\/?page_id=43","name":"Grupos - Parroquia de San Juan de \u00c1vila y Santa Teresa de Jes\u00fas","isPartOf":{"@id":"https:\/\/parroquiajuanyteresadeavila.es\/#website"},"datePublished":"2025-06-16T11:11:43+00:00","dateModified":"2025-06-26T21:43:33+00:00","breadcrumb":{"@id":"https:\/\/parroquiajuanyteresadeavila.es\/?page_id=43#breadcrumb"},"inLanguage":"es","potentialAction":[{"@type":"ReadAction","target":["https:\/\/parroquiajuanyteresadeavila.es\/?page_id=43"]}]},{"@type":"BreadcrumbList","@id":"https:\/\/parroquiajuanyteresadeavila.es\/?page_id=43#breadcrumb","itemListElement":[{"@type":"ListItem","position":1,"name":"Portada","item":"https:\/\/parroquiajuanyteresadeavila.es\/"},{"@type":"ListItem","position":2,"name":"Grupos"}]},{"@type":"WebSite","@id":"https:\/\/parroquiajuanyteresadeavila.es\/#website","url":"https:\/\/parroquiajuanyteresadeavila.es\/","name":"Parroquia de San Juan de \u00c1vila y Santa Teresa de Jes\u00fas","description":"Parroquia de Las Fuentes en Zaragoza","publisher":{"@id":"https:\/\/parroquiajuanyteresadeavila.es\/#organization"},"potentialAction":[{"@type":"SearchAction","target":{"@type":"EntryPoint","urlTemplate":"https:\/\/parroquiajuanyteresadeavila.es\/?s={search_term_string}"},"query-input":{"@type":"PropertyValueSpecification","valueRequired":true,"valueName":"search_term_string"}}],"inLanguage":"es"},{"@type":"Organization","@id":"https:\/\/parroquiajuanyteresadeavila.es\/#organization","name":"Parroquia de San Juan de \u00c1vila y Santa Teresa de Jes\u00fas","url":"https:\/\/parroquiajuanyteresadeavila.es\/","logo":{"@type":"ImageObject","inLanguage":"es","@id":"https:\/\/parroquiajuanyteresadeavila.es\/#\/schema\/logo\/image\/","url":"https:\/\/parroquiajuanyteresadeavila.es\/wp-content\/uploads\/2025\/06\/PHOTO-2025-05-13-11-39-43.jpg","contentUrl":"https:\/\/parroquiajuanyteresadeavila.es\/wp-content\/uploads\/2025\/06\/PHOTO-2025-05-13-11-39-43.jpg","width":945,"height":928,"caption":"Parroquia de San Juan de \u00c1vila y Santa Teresa de Jes\u00fas"},"image":{"@id":"https:\/\/parroquiajuanyteresadeavila.es\/#\/schema\/logo\/image\/"},"sameAs":["https:\/\/www.facebook.com\/profile.php?id=61576048888953"]}]}},"_links":{"self":[{"href":"https:\/\/parroquiajuanyteresadeavila.es\/index.php?rest_route=\/wp\/v2\/pages\/43","targetHints":{"allow":["GET"]}}],"collection":[{"href":"https:\/\/parroquiajuanyteresadeavila.es\/index.php?rest_route=\/wp\/v2\/pages"}],"about":[{"href":"https:\/\/parroquiajuanyteresadeavila.es\/index.php?rest_route=\/wp\/v2\/types\/page"}],"author":[{"embeddable":true,"href":"https:\/\/parroquiajuanyteresadeavila.es\/index.php?rest_route=\/wp\/v2\/users\/2"}],"replies":[{"embeddable":true,"href":"https:\/\/parroquiajuanyteresadeavila.es\/index.php?rest_route=%2Fwp%2Fv2%2Fcomments&post=43"}],"version-history":[{"count":4,"href":"https:\/\/parroquiajuanyteresadeavila.es\/index.php?rest_route=\/wp\/v2\/pages\/43\/revisions"}],"predecessor-version":[{"id":178,"href":"https:\/\/parroquiajuanyteresadeavila.es\/index.php?rest_route=\/wp\/v2\/pages\/43\/revisions\/178"}],"wp:attachment":[{"href":"https:\/\/parroquiajuanyteresadeavila.es\/index.php?rest_route=%2Fwp%2Fv2%2Fmedia&parent=43"}],"curies":[{"name":"wp","href":"https:\/\/api.w.org\/{rel}","templated":true}]}}